9340?
True
Is 7013136 a multiple of 751?
False
Is 5762016 a multiple of 8?
True
Does 32 divide 199455?
False
Is 75315 a multiple of 61?
False
Does 353 divide 1277860?
True
Does 253 divide 1088912?
True
Is 3 a factor of 3079935?
True
Is 32 a factor of 585504?
True
Does 58 divide 6124800?
True
Is 1954350 a multiple of 505?
True
Is 161 a factor of 4235902?
False
Is 159751 a multiple of 23?
False
Is 29735 a multiple of 7?
False
Is 186840 a multiple of 15?
True
Is 65771 a multiple of 5?
False
Is 19156 a multiple of 5?
False
Is 6280311 a multiple of 118?
False
Is 17950111 a multiple of 19?
False
Does 122 divide 1288564?
True
Is 83158 a multiple of 334?
False
Is 60 a factor of 57360?
True
Is 16 a factor of 273085?
False
Is 1811772 a multiple of 708?
True
Does 25 divide 788407?
False
Does 5 divide 890700?
True
Is 56280 a multiple of 335?
True
Is 3889599 a multiple of 77?
False
Is 8812294 a multiple of 63?
False
Is 1247029 a multiple of 29?
True
Is 71 a factor of 388761?
False
Is 406605 a multiple of 5?
True
Does 14 divide 6200656?
True
Is 11 a factor of 258764?
True
Is 2332059 a multiple of 22?
False
Is 67761 a multiple of 12?
False
Is 8641181 a multiple of 45?
False
Is 113511 a multiple of 14?
False
Is 18128370 a multiple of 130?
True
Is 1267009 a multiple of 85?
False
Is 523957 a multiple of 259?
True
Is 646825 a multiple of 5?
True
Is 25431 a multiple of 21?
True
Does 144 divide 378940?
False
Is 88760 a multiple of 280?
True
Is 113206 a multiple of 23?
True
Is 180 a factor of 250560?
True
Is 3963974 a multiple of 13?
False
Is 143720 a multiple of 198?
False
Is 1371708 a multiple of 117?
True
Is 75 a factor of 120374?
False
Does 68 divide 308924?
True
Is 20 a factor of 99587?
False
Is 89 a factor of 1348984?
False
Is 913145 a multiple of 3?
False
Is 4 a factor of 340996?
True
Does 559 divide 371269?
False
Is 857144 a multiple of 4?
True
Is 106 a factor of 223017?
False
Is 251559 a multiple of 77?
True
Is 466 a factor of 212030?
True
Does 28 divide 2313744?
False
Is 33150 a multiple of 72?
False
Is 22 a factor of 5102372?
True
Is 45 a factor of 11017260?
True
Does 264 divide 892320?
True
Is 368 a factor of 117897?
False
Does 80 divide 850574?
False
Is 150 a factor of 575250?
True
Is 52487 even?
False
Is 4254708 a multiple of 114?
True
Is 647 a factor of 823848?
False
Is 10 a factor of 20700?
True
Is 62 a factor of 18786?
True
Is 1929429 a multiple of 79?
False
Is 43 a factor of 14043666?
False
Is 2439954 a multiple of 64?
False
Is 519104 a multiple of 26?
False
Is 17225 a multiple of 13?
True
Does 6 divide 1932340?
False
Is 1009360 a multiple of 220?
True
Does 39 divide 391840?
False
Is 577 a factor of 3674336?
True
Is 10010539 a multiple of 16?
False
Is 42 a factor of 599340?
True
Does 13 divide 240366?
False
Does 22 divide 38566?
True
Does 71 divide 6160599?
True
Does 1974 divide 12149970?
True
Is 805 a factor of 1815103?
False
Does 188 divide 3747069?
False
Is 6 a factor of 1948952?
False
Is 32023903 a multiple of 97?
False
Does 3 divide 376881?
True
Is 55 a factor of 2714199?
False
Is 13 a factor of 271442?
False
Is 297810 a multiple of 300?
False
Does 1047 divide 8848749?
False
Is 6 a factor of 160895?
False
Is 10726857 a multiple of 58?
False
Does 130 divide 310050?
True
Is 7447 a multiple of 5?
False
Does 111 divide 2597304?
False
Is 876500 a multiple of 4?
True
Is 108898 a multiple of 84?
False
Does 57 divide 1490891?
False
Is 516923 a multiple of 5?
False
Is 4671673 a multiple of 613?
True
Is 1668 a factor of 3803639?
False
Is 65 a factor of 306571?
False
Is 190 a factor of 17505080?
True
Is 24451 a multiple of 10?
False
Is 4793829 a multiple of 6?
False
Does 181 divide 16508829?
True
Is 21 a factor of 64123?
False
Is 41504 a multiple of 18?
False
Is 264 a factor of 76032?
True
Is 5046144 a multiple of 64?
True
Is 42 a factor of 71694?
True
Does 86 divide 605354?
True
Is 2275 a factor of 40156?
False
Is 13529882 a multiple of 511?
False
Is 26 a factor of 92170?
True
Is 602890 a multiple of 5?
True
Is 57 a factor of 155274?
False
Is 37 a factor of 204330?
False
Does 212 divide 37253700?
True
Is 10727 a multiple of 2?
False
Is 52576 a multiple of 62?
True
Does 95 divide 51899?
False
Is 19107 a multiple of 21?
False
Is 2395225 a multiple of 35?
True
Is 434 a factor of 5688060?
False
Is 138664 a multiple of 116?
False
Does 31 divide 233020?
False
Is 12 a factor of 6198900?
True
Is 160 a factor of 195938?
False
Is 5 a factor of 1194590?
True
Does 46 divide 519064?
True
Is 149597 a multiple of 32?
False
Does 35 divide 10585273?
False
Is 568 a factor of 556640?
True
Does 16 divide 1274832?
True
Is 66066 a multiple of 42?
True
Is 232 a factor of 3938664?
True
Does 19 divide 1155444?
False
Does 18 divide 295053?
False
Is 365868 a multiple of 3?
True
Does 2 divide 428229?
False
Is 66 a factor of 517704?
True
Is 4 a factor of 6348?
True
Is 17750297 a multiple of 715?
False
Does 567 divide 3844827?
True
Does 350 divide 2402750?
True
Does 3 divide 117333?
True
Does 3 divide 952884?
True
Is 34464165 a multiple of 545?
True
Is 14355107 a multiple of 1042?
False
Does 39 divide 141609?
True
Does 125 divide 15250?
True
Does 15 divide 12101?
False
Does 145 divide 1441010?
True
Is 19 a factor of 54435?
True
Does 36 divide 360468?
True
Does 67 divide 253528?
True
Is 30 a factor of 44820?
True
Is 499652 a multiple of 31?
False
Is 311460 a multiple of 174?
True
Does 7 divide 121219?
True
Does 79 divide 2470397?
False
Is 15 a factor of 6779945?
False
Is 31529 a multiple of 52?
False
Does 18 divide 65574?
True
Is 20896 a multiple of 16?
True
Is 4790 a multiple of 289?
False
Does 27 divide 2604792?
False
Does 33 divide 87450?
True
Does 209 divide 7304018?
False
Does 18 divide 439326?
True
Does 4 divide 39380?
True
Is 2859468 a multiple of 4?
True
Does 242 divide 1219922?
True
Does 14 divide 58525?
False
Does 107 divide 9636848?
True
Is 390 a factor of 4534949?
False
Does 13 divide 6331?
True
Is 48997 a multiple of 44?
False
Does 213 divide 26261?
False
Does 5 divide 424950?
True
Is 821 a factor of 2743782?
True
Does 13 divide 883056?
False
Does 6 divide 658278?
True
Is 11 a factor of 97526?
True
Does 9 divide 3418885?
False
Does 186 divide 66960?
True
Does 167 divide 85671?
True
Does 436 divide 369635?
False
Is 57 a factor of 55586?
False
Is 51597 a multiple of 75?
False
Does 9 divide 212391?
True
Is 634670 a multiple of 181?
False
Is 8 a factor of 545711?
False
Does 16 divide 380284?
False
Does 24 divide 547272?
True
Is 500635 a multiple of 13?
False
Is 6411626 a multiple of 93?
False
Is 1144440 a multiple of 88?
True
Does 64 divide 7521?
False
Is 177 a factor of 2043104?
False
Is 1284650 a multiple of 19?
False
Is 90 a factor of 173692?
False
Is 47 a factor of 80127?
False
Is 6217843 a multiple of 6?
False
Is 14 a factor of 926912?
True
Is 1637323 a multiple of 652?
False
Does 22 divide 14826409?
False
Is 70320 a multiple of 80?
True
Is 433007 a multiple of 60?
False
Is 129868 a multiple of 27?
False
Is 1912 a factor of 2208360?
True
Is 46 a factor of 1292922?
True
Is 2138600 a multiple of 629?
True
Is 18468900 a multiple of 100?
True
Does 73 divide 125706?
True
Is 3686526 a multiple of 586?
True
Is 72 a factor of 498168?
True
Does 15 divide 11431304?
False
Is 169881 a multiple of 17?
True
Is 349290 a multiple of 3?
True
Does 40 divide 66120?
True
Is 60 a factor of 513660?
True
Does 13 divide 58154?
False
Does 435 divide 85190?
False
Does 78 divide 155456?
False
Is 296 a factor of 2709973?
False
Is 325 a factor of 4791445?
False
Is 89 a factor of 3169271?
False
Is 56371 a multiple of 19?
False
Does 1554 divide 596516?
False
Is 3703787 a multiple of 6?
False
Is 28 a factor of 153944?
True
Does 270 divide 192972?
False
Does 89 divide 27510078?
True
Is 5863545 a multiple of 15?
True
Is 12 a factor of 41547?
False
Is 196287 a multiple of 21?
True
Is 10 a factor of 212620?
True
Does 6 divide 1429302?
True
Is 11 a factor of 247610?
True
Does 382 divide 719722?
False
Is 95 a factor of 1405240?
True
Is 124 a factor of 8904440?
True
Is 1063169 a multiple of 35?
False
Is 54824 a multiple of 77?
True
Does 139 divide 1601558?
True
Does 337 divide 98741?
True
Is 22 a factor of 674941?
False
Does 25 divide 262857?
False
Does 237 divide 569037?
True
Is 22 a factor of 2943644